ppose 0*u + 4*u = 896. Suppose s*h = 57*h + u. What is the units digit of h?
6
Suppose 3*m - q - 194 = -6*q, 5*q + 310 = 5*m. Suppose -51*y = -m*y + 6852. What is the tens digit of y?
7
Let i(m) = -m**2 - 23*m - 39. Let g be i(-21). What is the tens digit of (g/(-4))/((-20)/3680)?
3
Suppose 54 = 5*s - 2*l - 2*l, -5*l + 76 = 4*s. Let y(q) = -8 + q**3 + 18 - s + 9*q**2. What is the tens digit of y(-7)?
9
Let j(w) = -7*w + 45. Let c be j(6). Suppose 0*l - 5*y = l - 50, -c*l = -y - 150. What is the tens digit of l?
5
Suppose -4*u + u - 14 = 4*b, 4*b + 20 = 0. Suppose -u*a - 3*i + 216 + 163 = 0, -4*a + i = -751. Let l = -84 + a. What is the tens digit of l?
0
Let a = -77 - -89. Suppose 3*t + 3*d - a = 6, -5*t - 4*d = -27. Let z = t - -88. What is the units digit of z?
1
Let c(j) = 3*j**2 - 15*j - 30. Let b be c(7). Suppose -b*y = -843 - 1461. What is the tens digit of y?
9
Let q = -42785 + 63212. What is the tens digit of q?
2
Suppose -61 = 6*i - 1. Let d be -3 - (-112)/10 - (-2)/i. Suppose 0 = -3*g + d*g - 4*z - 276, -4*g + 221 = -3*z. What is the tens digit of g?
5
Let m = 8525 + -5614. What is the units digit of m?
1
Suppose -150*s + 805820 = 22*s. What is the tens digit of s?
8
Suppose -64*b = -15*b - 294. What is the thousands digit of (b/9)/((80/(-27576))/(-5))?
1
Let t(v) = 529*v**2 + 5*v - 4. Let x be t(1). Let z = x + -269. What is the units digit of z?
1
Suppose 5*m + 25 = 0, -5*n + 3701 + 53419 = -4*m. What is the hundreds digit of n?
4
Let v = -26313 + 37005. What is the ten thousands digit of v?
1
Suppose 149*h - 324108 = 137*h. What is the units digit of h?
9
Suppose -6*u - 25623 = -3909. What is the units digit of -2*(u/14 + -1)?
9
Let w(f) be the first derivative of -f**4/4 - 16*f**3/3 + 24*f**2 + 70*f + 177. What is the units digit of w(-20)?
0
Let r(q) = -157*q - 1. Suppose 3*m + 4 = -m. What is the tens digit of r(m)?
5
Let v(j) = -1141*j + 12493. What is the ten thousands digit of v(-7)?
2
Let l(p) = -41*p**3 + 6*p**2 + 10*p - 64. What is the tens digit of l(-6)?
4
Let c(m) = 1495*m - 807. What is the thousands digit of c(20)?
9
Let x(w) = -3*w - 6. Let t be x(-3). Let g(v) = 19*v - 21. Let f(n) = -10*n + 11. Let b(z) = -5*f(z) - 2*g(z). What is the units digit of b(t)?
3
Suppose 66 + 138 = -4*m. What is the units digit of (17/m)/(2/(-2130))?
5
Suppose -42*c + 433044 = -6*c. Suppose 0*k = -23*k + c. What is the tens digit of k?
2
Let c = -314 + 318. Suppose -28*r + c*i = -27*r - 2046, -4*i = -12. What is the hundreds digit of r?
0
Let w = 7415 + 6419. What is the hundreds digit of w?
8
Let j = -219 + 39. Let g = -69 - j. What is the hundreds digit of g?
1
Suppose 198*s - 42 = 201*s. What is the tens digit of (-8)/s - -13*1356/21?
4
Let g(l) = -l**3 + 17*l**2 + 23*l + 19. Let r be g(17). Suppose -10*i + 9*i + r = 2*d, 0 = -2*i - 5*d + 818. What is the tens digit of i?
1
Let u = -45 - -61. Suppose 2*r = u - 4. Suppose 2*a + j = r*j + 310, 4*a - 604 = 2*j. What is the hundreds digit of a?
1
Suppose -14*t + 4*x + 3938 = -9*t, 3148 = 4*t - 2*x. What is the tens digit of t?
8
Let n = 7197 - -16321. What is the thousands digit of n?
3
Let k(j) = 3*j**3 - 9*j**2 + 4*j + 1. Let n be k(6). Let u = n - -511. What is the tens digit of u?
6
Suppose 2*l + 5 = -17. Let v(z) = -z - 48. Let t be v(l). Let r = t - -76. What is the units digit of r?
9
Let u(r) = 8 - r + 0*r**3 + r**3 - 6*r**2 + 0*r + 2*r. Let w be u(5). What is the units digit of ((-656)/w)/((-4)/(-6))?
2
Suppose 3*x - 4*g = 54097, -5*x + 90156 = 83*g - 84*g. What is the hundreds digit of x?
0
Let i be ((-2340)/(-169) + (-4)/(-26))/(0 + 1). Let h = -6 - -60. Suppose -i = -h*b + 52*b. What is the units digit of b?
7
Let t be (-1 - (-68)/8)*12/9. Let d be (-4)/8*3 + (-5)/t. Let m(u) = -56*u + 1. What is the units digit of m(d)?
3
Let y(s) = 2*s**2 - 3*s - 36. Let m(h) = h**2 + 26*h + 2. Let l be m(-29). Suppose -11 = -10*f + l. What is the units digit of y(f)?
4
What is the thousands digit of -6073*1/(-4)*(-22 - 416/(-16))?
6
Let t = -12171 - -25453. What is the tens digit of t?
8
Let b = 2630 + 4060. What is the units digit of b?
0
Suppose 147 = 50*k - 3. Suppose 3*d = 3*u - 858, k*u + 4*d - 1339 = -453. What is the hundreds digit of u?
2
Let o(j) = -7*j**3 - 5*j**2 + 11*j + 286. What is the ten thousands digit of o(-15)?
2
Suppose 2*g + d + 16 = 2*d, -2*g - d - 20 = 0. Let p = g - -15. Suppose -p*i - 3*i = -720. What is the tens digit of i?
8
Let d = -150 - -343. Suppose 4*m = -y + 3212, -3*m - d = -y - 2609. What is the hundreds digit of m?
8
Let c = 24 + -23. Let b be -1 + 0 - 0/(6/c). What is the units digit of (-6686)/26*b + (-2)/13?
7
Let p = -21060 - -46697. What is the thousands digit of p?
5
Let w(o) = -23*o + 20. Let n be w(1). Let p(g) = 77*g**2 + 6*g + 7. What is the units digit of p(n)?
2
Suppose -17*o = -179954 + 43070. What is the hundreds digit of ((-10)/(-15))/(8/o)?
6
Suppose 0 = -2*s + 5*s + 5*q - 5, -4*s + q = 24. Let o = -3 - s. Suppose 0 = -2*p + 3*v + 34 + 35, -v = -o*p + 71. What is the units digit of p?
6
Let y be -1 - 1/(5/1285*-1). Suppose 0 = -t - y + 566. What is the tens digit of t?
1
Let u(f) = -f**2 + 15*f - 26. Let v(w) = w**2 - 3*w + 12. Let g be v(3). Let r be u(g). Suppose 29*l = r*l + 2090. What is the hundreds digit of l?
1
Suppose 0 = n - 4*x - 27, -4*x - 20 = -5*n - 7*x. Suppose -n*j = -1721 - 1618. What is the hundreds digit of j?
4
What is the ten thousands digit of (383103/12 - 4) + (-18)/72?
3
Suppose i = -j - 3, -6*i + 19 = -4*i - 3*j. Suppose 0 = i*g + 11 - 17. Suppose p = 3*b - 36 - 174, -g*b + 4*p = -201. What is the units digit of b?
1
What is the units digit of 1398/4*(-712)/(-534)?
6
Suppose -f - 4*j = -1841, -2*f - 170*j + 172*j = -3692. What is the units digit of f?
5
Let x(h) = h**2 - h - 13. Let v be x(4). What is the units digit of (2/v)/((-24)/1884)?
7
Suppose -96*i = -100*i + 32. Let r(t) = -t**3 + 18*t**2 - 19*t - 12. What is the units digit of r(i)?
6
Let j = -3 + 5. Suppose 38*q - 33*q - i - 20 = 0, 2*q = 5*i + 8. Suppose -5*h + 446 = -3*h + j*b, 2*b = -q. What is the hundreds digit of h?
2
Suppose -51*b = -3*t - 48*b + 41151, 0 = -b + 5. What is the thousands digit of t?
3
Let g be 13*1 + 2 + (-26)/13. Let t = -61 + 202. Let v = t - g. What is the hundreds digit of v?
1
Let b(z) be the third derivative of z**6/120 - z**5/3 + 5*z**4/4 - 8*z**3/3 - 11*z**2 - 2*z. What is the units digit of b(19)?
3
Let u be (2/(-3))/(20/30). Let c(w) = -6*w**3 + 2*w + 1. Let q be c(u). Suppose -2*i + 121 = 3*o, 2*i + q*o - 4*o = 115. What is the tens digit of i?
5
Suppose -62460 = -13*w - 2*w. What is the tens digit of w?
6
Suppose -2*n + 7*n = -5, 0 = 3*v + 5*n - 7. Suppose 4*t + 2228 = v*u, t - 604 = -u - 53. What is the tens digit of u?
5
Let y(m) = m**3 + 14*m**2 - 9*m. Let r(z) = -z**3 - 13*z**2 + 8*z - 1. Suppose 0 = -4*t - 6 + 30. Let a(b) = t*r(b) + 5*y(b). What is the units digit of a(-9)?
8
Let q(d) = 658*d + 2188. What is the thousands digit of q(7)?
6
Let x be (((-55)/(-2))/(-5))/((-1)/62). Suppose x*r - 330*r = 4785. What is the hundreds digit of r?
4
Let r(p) = 3*p**3 - 7*p**2 + 16*p + 6. Let i be (-48)/(-20) + 3/5. What is the units digit of r(i)?
2
Let k = -126 + 34. What is the tens digit of k/10*-5 - 1?
4
Let v(l) = 6*l + 29*l + 2*l**2 - 9*l + 33. Let w be (44/110)/((-1048)/(-1440) + 3/(-4)). What is the hundreds digit of v(w)?
2
Let c(t) = 78*t + 19. Let x be c(7). Let p = x + -400. What is the hundreds digit of p?
1
Let p be (12/4 + -3)*(-5)/(-15). Suppose p = -2*j - 49*c + 52*c + 291, -3*j + 408 = 5*c. What is the units digit of j?
1
Let h(i) = -4*i - 27. Let m be h(-8). Let w be -5*(-1)/m + 98. Suppose w = 2*y + 23. What is the units digit of y?
8
Let j(k) = -k + 6. Let c be 3 - ((-6)/3 - 1). Let p be j(c). Suppose -5*z + 147 - 42 = p. What is the tens digit of z?
2
Let t(q) = q + 6. Suppose 0 = 4*x - 2*j - 32, 7 - 1 = 3*x + 3*j. Let u be t(x). Suppose 3*w + w - u = 0. What is the units digit of w?
3
Let u(s) = -4*s**2 - 13*s + 20. Let a be u(10). Let r = a + 855. What is the hundreds digit of r?
3
Let h(x) = -x - 2. Let d(w) be the third derivative of 3*w**4/8 + 7*w**3/6 + 7*w**2. Let y be d(-3). What is the tens digit of h(y)?
1
Suppose 3*y - 4*y - 5*l = 16, 0 = -y - l + 4. Let k(i) = -17 + 17*i + 7 - 10 + 4. W